{"id":22,"date":"2023-08-08T09:40:21","date_gmt":"2023-08-08T09:40:21","guid":{"rendered":"https:\/\/xn--frdervereinkita-kisdorf-7kc.de\/?page_id=22"},"modified":"2026-01-22T20:43:59","modified_gmt":"2026-01-22T20:43:59","slug":"kleiderflohmarkt-herbst-winter","status":"publish","type":"page","link":"https:\/\/xn--frdervereinkita-kisdorf-7kc.de\/index.php\/kleiderflohmarkt-herbst-winter\/","title":{"rendered":"Kleiderflohmarkt Herbst\/Winter"},"content":{"rendered":"\n<p>Folgende Dinge k\u00f6nnen verkauft werden:<br><br>* Langarm-Shirts<br>* Pullover\/Hoodies<br>* Leggins<br>* Hosen<br>* Jacken<br>* Schneeanz\u00fcge<br>* Schneehosen<br>* Regenkleidung<br>* M\u00fctzen<br>* Kleider<br>* Blusen<br>* Westen<br>* max. 5 Paar Schuhe inkl. Sportschuhen<br>* vollst\u00e4ndiges und intaktes Spielzeug<br>* Umstandsmode<br>* Fahrzeuge aller Art<\/p>\n","protected":false},"excerpt":{"rendered":"<p>Folgende Dinge k\u00f6nnen verkauft werden: * Langarm-Shirts* Pullover\/Hoodies* Leggins* Hosen* Jacken* Schneeanz\u00fcge* Schneehosen* Regenkleidung* M\u00fctzen* Kleider* Blusen* Westen* max. 5 Paar Schuhe inkl. Sportschuhen* vollst\u00e4ndiges und intaktes Spielzeug* Umstandsmode* Fahrzeuge aller Art<\/p>\n","protected":false},"author":1,"featured_media":0,"parent":0,"menu_order":0,"comment_status":"closed","ping_status":"closed","template":"","meta":{"footnotes":""},"class_list":["post-22","page","type-page","status-publish","hentry"],"yoast_head":"<!-- This site is optimized with the Yoast SEO plugin v27.3 - https:\/\/yoast.com\/product\/yoast-seo-wordpress\/ -->\n<title>Kleiderflohmarkt Herbst\/Winter<\/title>\n<meta name=\"robots\" content=\"index, follow, max-snippet:-1, max-image-preview:large, max-video-preview:-1\" \/>\n<link rel=\"canonical\" href=\"https:\/\/xn--frdervereinkita-kisdorf-7kc.de\/index.php\/kleiderflohmarkt-herbst-winter\/\" \/>\n<meta property=\"og:locale\" content=\"de_DE\" \/>\n<meta property=\"og:type\" content=\"article\" \/>\n<meta property=\"og:title\" content=\"Kleiderflohmarkt Herbst\/Winter\" \/>\n<meta property=\"og:description\" content=\"Folgende Dinge k\u00f6nnen verkauft werden: * Langarm-Shirts* Pullover\/Hoodies* Leggins* Hosen* Jacken* Schneeanz\u00fcge* Schneehosen* Regenkleidung* M\u00fctzen* Kleider* Blusen* Westen* max. 5 Paar Schuhe inkl. Sportschuhen* vollst\u00e4ndiges und intaktes Spielzeug* Umstandsmode* Fahrzeuge aller Art\" \/>\n<meta property=\"og:url\" content=\"https:\/\/xn--frdervereinkita-kisdorf-7kc.de\/index.php\/kleiderflohmarkt-herbst-winter\/\" \/>\n<meta property=\"og:site_name\" content=\"F\u00f6rderverein Kindergarten Kisdorf e.V.\" \/>\n<meta property=\"article:publisher\" content=\"https:\/\/www.facebook.com\/forderverein.kisdorf.7\" \/>\n<meta property=\"article:modified_time\" content=\"2026-01-22T20:43:59+00:00\" \/>\n<meta property=\"og:image\" content=\"https:\/\/xn--frdervereinkita-kisdorf-7kc.de\/wp-content\/uploads\/2023\/08\/cropped-logo.jpg\" \/>\n\t<meta property=\"og:image:width\" content=\"1200\" \/>\n\t<meta property=\"og:image:height\" content=\"642\" \/>\n\t<meta property=\"og:image:type\" content=\"image\/jpeg\" \/>\n<meta name=\"twitter:card\" content=\"summary_large_image\" \/>\n<meta name=\"twitter:label1\" content=\"Gesch\u00e4tzte Lesezeit\" \/>\n\t<meta name=\"twitter:data1\" content=\"1\u00a0Minute\" \/>\n<script type=\"application\/ld+json\" class=\"yoast-schema-graph\">{\"@context\":\"https:\\\/\\\/schema.org\",\"@graph\":[{\"@type\":\"WebPage\",\"@id\":\"https:\\\/\\\/xn--frdervereinkita-kisdorf-7kc.de\\\/index.php\\\/kleiderflohmarkt-herbst-winter\\\/\",\"url\":\"https:\\\/\\\/xn--frdervereinkita-kisdorf-7kc.de\\\/index.php\\\/kleiderflohmarkt-herbst-winter\\\/\",\"name\":\"Kleiderflohmarkt Herbst\\\/Winter\",\"isPartOf\":{\"@id\":\"https:\\\/\\\/xn--frdervereinkita-kisdorf-7kc.de\\\/#website\"},\"datePublished\":\"2023-08-08T09:40:21+00:00\",\"dateModified\":\"2026-01-22T20:43:59+00:00\",\"breadcrumb\":{\"@id\":\"https:\\\/\\\/xn--frdervereinkita-kisdorf-7kc.de\\\/index.php\\\/kleiderflohmarkt-herbst-winter\\\/#breadcrumb\"},\"inLanguage\":\"de\",\"potentialAction\":[{\"@type\":\"ReadAction\",\"target\":[\"https:\\\/\\\/xn--frdervereinkita-kisdorf-7kc.de\\\/index.php\\\/kleiderflohmarkt-herbst-winter\\\/\"]}]},{\"@type\":\"BreadcrumbList\",\"@id\":\"https:\\\/\\\/xn--frdervereinkita-kisdorf-7kc.de\\\/index.php\\\/kleiderflohmarkt-herbst-winter\\\/#breadcrumb\",\"itemListElement\":[{\"@type\":\"ListItem\",\"position\":1,\"name\":\"Startseite\",\"item\":\"https:\\\/\\\/xn--frdervereinkita-kisdorf-7kc.de\\\/\"},{\"@type\":\"ListItem\",\"position\":2,\"name\":\"Kleiderflohmarkt Herbst\\\/Winter\"}]},{\"@type\":\"WebSite\",\"@id\":\"https:\\\/\\\/xn--frdervereinkita-kisdorf-7kc.de\\\/#website\",\"url\":\"https:\\\/\\\/xn--frdervereinkita-kisdorf-7kc.de\\\/\",\"name\":\"F\u00f6rderverein Kindergarten Kisdorf e.V.\",\"description\":\"\",\"publisher\":{\"@id\":\"https:\\\/\\\/xn--frdervereinkita-kisdorf-7kc.de\\\/#organization\"},\"alternateName\":\"Foerderverein Kindergarten Kisdorf e.V.\",\"potentialAction\":[{\"@type\":\"SearchAction\",\"target\":{\"@type\":\"EntryPoint\",\"urlTemplate\":\"https:\\\/\\\/xn--frdervereinkita-kisdorf-7kc.de\\\/?s={search_term_string}\"},\"query-input\":{\"@type\":\"PropertyValueSpecification\",\"valueRequired\":true,\"valueName\":\"search_term_string\"}}],\"inLanguage\":\"de\"},{\"@type\":\"Organization\",\"@id\":\"https:\\\/\\\/xn--frdervereinkita-kisdorf-7kc.de\\\/#organization\",\"name\":\"F\u00f6rderverein Kindergarten Kisdorf e.V.\",\"url\":\"https:\\\/\\\/xn--frdervereinkita-kisdorf-7kc.de\\\/\",\"logo\":{\"@type\":\"ImageObject\",\"inLanguage\":\"de\",\"@id\":\"https:\\\/\\\/xn--frdervereinkita-kisdorf-7kc.de\\\/#\\\/schema\\\/logo\\\/image\\\/\",\"url\":\"https:\\\/\\\/xn--frdervereinkita-kisdorf-7kc.de\\\/wp-content\\\/uploads\\\/2023\\\/08\\\/cropped-logo.jpg\",\"contentUrl\":\"https:\\\/\\\/xn--frdervereinkita-kisdorf-7kc.de\\\/wp-content\\\/uploads\\\/2023\\\/08\\\/cropped-logo.jpg\",\"width\":1200,\"height\":642,\"caption\":\"F\u00f6rderverein Kindergarten Kisdorf e.V.\"},\"image\":{\"@id\":\"https:\\\/\\\/xn--frdervereinkita-kisdorf-7kc.de\\\/#\\\/schema\\\/logo\\\/image\\\/\"},\"sameAs\":[\"https:\\\/\\\/www.facebook.com\\\/forderverein.kisdorf.7\"]}]}<\/script>\n<!-- \/ Yoast SEO plugin. -->","yoast_head_json":{"title":"Kleiderflohmarkt Herbst\/Winter","robots":{"index":"index","follow":"follow","max-snippet":"max-snippet:-1","max-image-preview":"max-image-preview:large","max-video-preview":"max-video-preview:-1"},"canonical":"https:\/\/xn--frdervereinkita-kisdorf-7kc.de\/index.php\/kleiderflohmarkt-herbst-winter\/","og_locale":"de_DE","og_type":"article","og_title":"Kleiderflohmarkt Herbst\/Winter","og_description":"Folgende Dinge k\u00f6nnen verkauft werden: * Langarm-Shirts* Pullover\/Hoodies* Leggins* Hosen* Jacken* Schneeanz\u00fcge* Schneehosen* Regenkleidung* M\u00fctzen* Kleider* Blusen* Westen* max. 5 Paar Schuhe inkl. Sportschuhen* vollst\u00e4ndiges und intaktes Spielzeug* Umstandsmode* Fahrzeuge aller Art","og_url":"https:\/\/xn--frdervereinkita-kisdorf-7kc.de\/index.php\/kleiderflohmarkt-herbst-winter\/","og_site_name":"F\u00f6rderverein Kindergarten Kisdorf e.V.","article_publisher":"https:\/\/www.facebook.com\/forderverein.kisdorf.7","article_modified_time":"2026-01-22T20:43:59+00:00","og_image":[{"width":1200,"height":642,"url":"https:\/\/xn--frdervereinkita-kisdorf-7kc.de\/wp-content\/uploads\/2023\/08\/cropped-logo.jpg","type":"image\/jpeg"}],"twitter_card":"summary_large_image","twitter_misc":{"Gesch\u00e4tzte Lesezeit":"1\u00a0Minute"},"schema":{"@context":"https:\/\/schema.org","@graph":[{"@type":"WebPage","@id":"https:\/\/xn--frdervereinkita-kisdorf-7kc.de\/index.php\/kleiderflohmarkt-herbst-winter\/","url":"https:\/\/xn--frdervereinkita-kisdorf-7kc.de\/index.php\/kleiderflohmarkt-herbst-winter\/","name":"Kleiderflohmarkt Herbst\/Winter","isPartOf":{"@id":"https:\/\/xn--frdervereinkita-kisdorf-7kc.de\/#website"},"datePublished":"2023-08-08T09:40:21+00:00","dateModified":"2026-01-22T20:43:59+00:00","breadcrumb":{"@id":"https:\/\/xn--frdervereinkita-kisdorf-7kc.de\/index.php\/kleiderflohmarkt-herbst-winter\/#breadcrumb"},"inLanguage":"de","potentialAction":[{"@type":"ReadAction","target":["https:\/\/xn--frdervereinkita-kisdorf-7kc.de\/index.php\/kleiderflohmarkt-herbst-winter\/"]}]},{"@type":"BreadcrumbList","@id":"https:\/\/xn--frdervereinkita-kisdorf-7kc.de\/index.php\/kleiderflohmarkt-herbst-winter\/#breadcrumb","itemListElement":[{"@type":"ListItem","position":1,"name":"Startseite","item":"https:\/\/xn--frdervereinkita-kisdorf-7kc.de\/"},{"@type":"ListItem","position":2,"name":"Kleiderflohmarkt Herbst\/Winter"}]},{"@type":"WebSite","@id":"https:\/\/xn--frdervereinkita-kisdorf-7kc.de\/#website","url":"https:\/\/xn--frdervereinkita-kisdorf-7kc.de\/","name":"F\u00f6rderverein Kindergarten Kisdorf e.V.","description":"","publisher":{"@id":"https:\/\/xn--frdervereinkita-kisdorf-7kc.de\/#organization"},"alternateName":"Foerderverein Kindergarten Kisdorf e.V.","potentialAction":[{"@type":"SearchAction","target":{"@type":"EntryPoint","urlTemplate":"https:\/\/xn--frdervereinkita-kisdorf-7kc.de\/?s={search_term_string}"},"query-input":{"@type":"PropertyValueSpecification","valueRequired":true,"valueName":"search_term_string"}}],"inLanguage":"de"},{"@type":"Organization","@id":"https:\/\/xn--frdervereinkita-kisdorf-7kc.de\/#organization","name":"F\u00f6rderverein Kindergarten Kisdorf e.V.","url":"https:\/\/xn--frdervereinkita-kisdorf-7kc.de\/","logo":{"@type":"ImageObject","inLanguage":"de","@id":"https:\/\/xn--frdervereinkita-kisdorf-7kc.de\/#\/schema\/logo\/image\/","url":"https:\/\/xn--frdervereinkita-kisdorf-7kc.de\/wp-content\/uploads\/2023\/08\/cropped-logo.jpg","contentUrl":"https:\/\/xn--frdervereinkita-kisdorf-7kc.de\/wp-content\/uploads\/2023\/08\/cropped-logo.jpg","width":1200,"height":642,"caption":"F\u00f6rderverein Kindergarten Kisdorf e.V."},"image":{"@id":"https:\/\/xn--frdervereinkita-kisdorf-7kc.de\/#\/schema\/logo\/image\/"},"sameAs":["https:\/\/www.facebook.com\/forderverein.kisdorf.7"]}]}},"_links":{"self":[{"href":"https:\/\/xn--frdervereinkita-kisdorf-7kc.de\/index.php\/wp-json\/wp\/v2\/pages\/22","targetHints":{"allow":["GET"]}}],"collection":[{"href":"https:\/\/xn--frdervereinkita-kisdorf-7kc.de\/index.php\/wp-json\/wp\/v2\/pages"}],"about":[{"href":"https:\/\/xn--frdervereinkita-kisdorf-7kc.de\/index.php\/wp-json\/wp\/v2\/types\/page"}],"author":[{"embeddable":true,"href":"https:\/\/xn--frdervereinkita-kisdorf-7kc.de\/index.php\/wp-json\/wp\/v2\/users\/1"}],"replies":[{"embeddable":true,"href":"https:\/\/xn--frdervereinkita-kisdorf-7kc.de\/index.php\/wp-json\/wp\/v2\/comments?post=22"}],"version-history":[{"count":2,"href":"https:\/\/xn--frdervereinkita-kisdorf-7kc.de\/index.php\/wp-json\/wp\/v2\/pages\/22\/revisions"}],"predecessor-version":[{"id":79,"href":"https:\/\/xn--frdervereinkita-kisdorf-7kc.de\/index.php\/wp-json\/wp\/v2\/pages\/22\/revisions\/79"}],"wp:attachment":[{"href":"https:\/\/xn--frdervereinkita-kisdorf-7kc.de\/index.php\/wp-json\/wp\/v2\/media?parent=22"}],"curies":[{"name":"wp","href":"https:\/\/api.w.org\/{rel}","templated":true}]}}